{"id":206,"date":"2026-01-02T17:54:13","date_gmt":"2026-01-02T16:54:13","guid":{"rendered":"https:\/\/leszomslibres.ch\/?page_id=206"},"modified":"2026-01-02T17:54:13","modified_gmt":"2026-01-02T16:54:13","slug":"blog","status":"publish","type":"page","link":"https:\/\/leszomslibres.ch\/index.php\/blog\/","title":{"rendered":"Blog"},"content":{"rendered":"\n    \n    <section class=\"u-align-center u-clearfix u-container-align-center u-grey-10 u-section-2\" id=\"sec-ac2a\">\n      <div class=\"u-clearfix u-sheet u-valign-middle-lg u-valign-middle-md u-valign-middle-sm u-valign-middle-xs u-sheet-1\">\n        <h1 class=\"u-custom-font u-font-georgia u-text u-text-default u-text-1\">Derni\u00e8res nouvelles<\/h1>\n        <div class=\"u-blog u-expanded-width u-blog-1\" data-site-sorting-prop=\"created\" data-site-sorting-order=\"desc\">\n          <div class=\"u-list-control\"><\/div>\n          <div class=\"u-repeater u-repeater-1\">\n            <div class=\"u-blog-post u-repeater-item u-white u-repeater-item-1\">\n              <div class=\"u-container-layout u-similar-container u-valign-middle-xl u-container-layout-1\"><a class=\"u-blog-control u-expanded-height-lg u-expanded-height-xl u-expanded-width-md u-expanded-width-sm u-expanded-width-xs u-image u-image-default u-image-1\" href=\"https:\/\/leszomslibres.ch\/index.php\/2025\/12\/30\/plus-fort-que-toi\/\">\n                <img decoding=\"async\" alt=\"\" class=\"u-blog-control u-expanded-height-lg u-expanded-height-xl u-expanded-width-md u-expanded-width-sm u-expanded-width-xs u-image u-image-default u-image-1\" src=\"https:\/\/leszomslibres.ch\/wp-content\/uploads\/2025\/12\/La-pornographie-plus-fort-que-toi.png\"><\/a>\n                <div class=\"u-container-style u-expanded-width-md u-expanded-width-sm u-expanded-width-xs u-group u-video-cover u-group-1\">\n                  <div class=\"u-container-layout u-valign-middle u-container-layout-2\">\n                    <div class=\"u-blog-control u-metadata u-text-grey-50 u-metadata-1\"><span class=\"u-meta-date u-meta-icon\">30 d\u00e9cembre 2025<\/span><span class=\"u-meta-category u-meta-icon\"><a class=\"u-textlink\" href=\"https:\/\/leszomslibres.ch\/index.php\/category\/blog\/\" rel=\"category tag\">Blog<\/a><\/span>\n                    <\/div>\n                    <h2 class=\"u-blog-control u-text u-text-default u-text-2\">\n                      <a class=\"u-post-header-link\" href=\"https:\/\/leszomslibres.ch\/index.php\/2025\/12\/30\/plus-fort-que-toi\/\" style=\"\">Plus fort que toi<\/a>\n                    <\/h2>\n                    <div class=\"u-blog-control u-post-content u-text u-text-default u-text-3\"><p>\nTu le sais d\u00e9j\u00e0 : c'est plus fort que toi !\n\n\n\nSi tant d'hommes (et de femmes) deviennent esclaves de la pornographie et des diverses aventures &hellip;<\/p>\n                    <\/div>\n                    <a href=\"https:\/\/leszomslibres.ch\/index.php\/2025\/12\/30\/plus-fort-que-toi\/\" class=\"u-blog-control u-border-2 u-border-palette-1-base u-btn u-btn-rectangle u-button-style u-none u-text-body-color u-btn-1\">Read More<\/a>\n                  <\/div>\n                <\/div>\n              <\/div>\n            <\/div>\n            <div class=\"u-blog-post u-repeater-item u-video-cover u-white u-repeater-item-2\">\n              <div class=\"u-container-layout u-similar-container u-valign-middle-xl u-container-layout-3\"><a class=\"u-blog-control u-expanded-height-lg u-expanded-height-xl u-expanded-width-md u-expanded-width-sm u-expanded-width-xs u-image u-image-default u-image-2\" href=\"https:\/\/leszomslibres.ch\/index.php\/2021\/10\/20\/le-probleme-avec-les-masques\/\">\n                <img decoding=\"async\" alt=\"\" class=\"u-blog-control u-expanded-height-lg u-expanded-height-xl u-expanded-width-md u-expanded-width-sm u-expanded-width-xs u-image u-image-default u-image-2\" src=\"https:\/\/leszomslibres.ch\/wp-content\/uploads\/2021\/10\/masque.png\"><\/a>\n                <div class=\"u-container-style u-expanded-width-md u-expanded-width-sm u-expanded-width-xs u-group u-video-cover u-group-2\">\n                  <div class=\"u-container-layout u-valign-middle u-container-layout-4\">\n                    <div class=\"u-blog-control u-metadata u-text-grey-50 u-metadata-2\"><span class=\"u-meta-date u-meta-icon\">20 octobre 2021<\/span><span class=\"u-meta-category u-meta-icon\"><a class=\"u-textlink\" href=\"https:\/\/leszomslibres.ch\/index.php\/category\/blog\/\" rel=\"category tag\">Blog<\/a><\/span>\n                    <\/div>\n                    <h2 class=\"u-blog-control u-text u-text-default u-text-4\">\n                      <a class=\"u-post-header-link\" href=\"https:\/\/leszomslibres.ch\/index.php\/2021\/10\/20\/le-probleme-avec-les-masques\/\" style=\"\">Le probl\u00e8me avec les masques...<\/a>\n                    <\/h2>\n                    <div class=\"u-blog-control u-post-content u-text u-text-default u-text-5\"><p>\nVous l'avez peut-\u00eatre remarqu\u00e9 comme moi, mais maintenant que nous sommes \u00e0 la mi-octobre, les magasins commencent \u00e0 mettre en place tous leurs &hellip;<\/p>\n                    <\/div>\n                    <a href=\"https:\/\/leszomslibres.ch\/index.php\/2021\/10\/20\/le-probleme-avec-les-masques\/\" class=\"u-blog-control u-border-2 u-border-palette-1-base u-btn u-btn-rectangle u-button-style u-none u-text-body-color u-btn-2\">Read More<\/a>\n                  <\/div>\n                <\/div>\n              <\/div>\n            <\/div>\n            <div class=\"u-blog-post u-repeater-item u-video-cover u-white u-repeater-item-3\">\n              <div class=\"u-container-layout u-similar-container u-valign-middle-xl u-container-layout-5\"><a class=\"u-blog-control u-expanded-height-lg u-expanded-height-xl u-expanded-width-md u-expanded-width-sm u-expanded-width-xs u-image u-image-default u-image-3\" href=\"https:\/\/leszomslibres.ch\/index.php\/2021\/04\/07\/jusqua-quand-vas-tu-rester-seul\/\">\n                <img decoding=\"async\" alt=\"\" class=\"u-blog-control u-expanded-height-lg u-expanded-height-xl u-expanded-width-md u-expanded-width-sm u-expanded-width-xs u-image u-image-default u-image-3\" src=\"https:\/\/leszomslibres.ch\/wp-content\/uploads\/2021\/04\/seul.png\"><\/a>\n                <div class=\"u-container-style u-expanded-width-md u-expanded-width-sm u-expanded-width-xs u-group u-video-cover u-group-3\">\n                  <div class=\"u-container-layout u-valign-middle u-container-layout-6\">\n                    <div class=\"u-blog-control u-metadata u-text-grey-50 u-metadata-3\"><span class=\"u-meta-date u-meta-icon\">7 avril 2021<\/span><span class=\"u-meta-category u-meta-icon\"><a class=\"u-textlink\" href=\"https:\/\/leszomslibres.ch\/index.php\/category\/blog\/\" rel=\"category tag\">Blog<\/a><\/span>\n                    <\/div>\n                    <h2 class=\"u-blog-control u-text u-text-default u-text-6\">\n                      <a class=\"u-post-header-link\" href=\"https:\/\/leszomslibres.ch\/index.php\/2021\/04\/07\/jusqua-quand-vas-tu-rester-seul\/\" style=\"\">Jusqu'\u00e0 quand vas-tu rester seul ?<\/a>\n                    <\/h2>\n                    <div class=\"u-blog-control u-post-content u-text u-text-default u-text-7\"><p>\nNous avons \u00e9t\u00e9 cr\u00e9\u00e9s pour partager la v\u00e9rit\u00e9 avec les autres et ainsi nous assister mutuellement avec les fardeaux de la vie. Carl Thomas LiveFree &hellip;<\/p>\n                    <\/div>\n                    <a href=\"https:\/\/leszomslibres.ch\/index.php\/2021\/04\/07\/jusqua-quand-vas-tu-rester-seul\/\" class=\"u-blog-control u-border-2 u-border-palette-1-base u-btn u-btn-rectangle u-button-style u-none u-text-body-color u-btn-3\">Read More<\/a>\n                  <\/div>\n                <\/div>\n              <\/div>\n            <\/div>\n            <div class=\"u-blog-post u-repeater-item u-video-cover u-white u-repeater-item-4\">\n              <div class=\"u-container-layout u-similar-container u-valign-middle-xl u-container-layout-7\"><a class=\"u-blog-control u-expanded-height-lg u-expanded-height-xl u-expanded-width-md u-expanded-width-sm u-expanded-width-xs u-image u-image-default u-image-4\" href=\"https:\/\/leszomslibres.ch\/index.php\/2021\/03\/24\/cest-quoi-la-liberte\/\">\n                <img decoding=\"async\" alt=\"\" class=\"u-blog-control u-expanded-height-lg u-expanded-height-xl u-expanded-width-md u-expanded-width-sm u-expanded-width-xs u-image u-image-default u-image-4\" src=\"https:\/\/leszomslibres.ch\/wp-content\/uploads\/2021\/03\/liberte.png\"><\/a>\n                <div class=\"u-container-style u-expanded-width-md u-expanded-width-sm u-expanded-width-xs u-group u-group-4\">\n                  <div class=\"u-container-layout u-valign-middle u-container-layout-8\">\n                    <div class=\"u-blog-control u-metadata u-text-grey-50 u-metadata-4\"><span class=\"u-meta-date u-meta-icon\">24 mars 2021<\/span><span class=\"u-meta-category u-meta-icon\"><a class=\"u-textlink\" href=\"https:\/\/leszomslibres.ch\/index.php\/category\/blog\/\" rel=\"category tag\">Blog<\/a><\/span>\n                    <\/div>\n                    <h2 class=\"u-blog-control u-text u-text-default u-text-8\">\n                      <a class=\"u-post-header-link\" href=\"https:\/\/leszomslibres.ch\/index.php\/2021\/03\/24\/cest-quoi-la-liberte\/\" style=\"\">C'est quoi, la libert\u00e9 ?<\/a>\n                    <\/h2>\n                    <div class=\"u-blog-control u-post-content u-text u-text-default u-text-9\"><p>\nAs-tu r\u00e9fl\u00e9chi \u00e0 ce que signifie pour toi la libert\u00e9 ?\n\n\n\nLa vrai libert\u00e9 consiste \u00e0 d\u00e9couvrir qui je suis en r\u00e9alit\u00e9 et d'emprunter &hellip;<\/p>\n                    <\/div>\n                    <a href=\"https:\/\/leszomslibres.ch\/index.php\/2021\/03\/24\/cest-quoi-la-liberte\/\" class=\"u-blog-control u-border-2 u-border-palette-1-base u-btn u-btn-rectangle u-button-style u-none u-text-body-color u-btn-4\">Read More<\/a>\n                  <\/div>\n                <\/div>\n              <\/div>\n            <\/div>\n          <\/div>\n          <div class=\"u-list-control\"><\/div>\n        <\/div>\n      <\/div>\n    <\/section>\n    <section class=\"u-clearfix u-section-3\" id=\"block-1\">\n      <div class=\"u-clearfix u-sheet u-sheet-1\"><\/div>\n    <\/section>\n    \n    \n    \n  \n","protected":false},"excerpt":{"rendered":"<p>Derni\u00e8res nouvelles 30 d\u00e9cembre 2025Blog Plus fort que toi Tu le sais d\u00e9j\u00e0 : c&rsquo;est plus fort que toi ! Si tant d&rsquo;hommes (et de femmes) deviennent esclaves de la pornographie et des diverses aventures &hellip; Read More 20 octobre 2021Blog Le probl\u00e8me avec les masques&#8230; Vous l&rsquo;avez peut-\u00eatre remarqu\u00e9 comme moi, mais maintenant que &hellip; <a href=\"https:\/\/leszomslibres.ch\/index.php\/blog\/\" class=\"more-link\">Continue reading<span class=\"screen-reader-text\"> \u00ab\u00a0Blog\u00a0\u00bb<\/span><\/a><\/p>\n","protected":false},"author":1,"featured_media":0,"parent":0,"menu_order":0,"comment_status":"closed","ping_status":"closed","template":"","meta":{"footnotes":""},"class_list":["post-206","page","type-page","status-publish","hentry"],"_links":{"self":[{"href":"https:\/\/leszomslibres.ch\/index.php\/wp-json\/wp\/v2\/pages\/206","targetHints":{"allow":["GET"]}}],"collection":[{"href":"https:\/\/leszomslibres.ch\/index.php\/wp-json\/wp\/v2\/pages"}],"about":[{"href":"https:\/\/leszomslibres.ch\/index.php\/wp-json\/wp\/v2\/types\/page"}],"author":[{"embeddable":true,"href":"https:\/\/leszomslibres.ch\/index.php\/wp-json\/wp\/v2\/users\/1"}],"replies":[{"embeddable":true,"href":"https:\/\/leszomslibres.ch\/index.php\/wp-json\/wp\/v2\/comments?post=206"}],"version-history":[{"count":4,"href":"https:\/\/leszomslibres.ch\/index.php\/wp-json\/wp\/v2\/pages\/206\/revisions"}],"predecessor-version":[{"id":210,"href":"https:\/\/leszomslibres.ch\/index.php\/wp-json\/wp\/v2\/pages\/206\/revisions\/210"}],"wp:attachment":[{"href":"https:\/\/leszomslibres.ch\/index.php\/wp-json\/wp\/v2\/media?parent=206"}],"curies":[{"name":"wp","href":"https:\/\/api.w.org\/{rel}","templated":true}]}}